{"id":25562,"date":"2025-03-18T13:45:02","date_gmt":"2025-03-18T13:45:02","guid":{"rendered":"https:\/\/shop.mallorca312.com\/?post_type=product&#038;p=25562"},"modified":"2026-04-23T11:08:45","modified_gmt":"2026-04-23T11:08:45","slug":"culotte-mallorca-312-v15-mujer","status":"publish","type":"product","link":"https:\/\/shop.mallorca312.com\/en\/culottes-malllorca312\/culotte-mallorca-312-v15-mujer\/","title":{"rendered":"Culotte Mallorca 312 V15 &#8211; Mujer"},"content":{"rendered":"","protected":false},"excerpt":{"rendered":"<p>Culotte Mallorca 312 para\u00a0 mujer, modelo Matt<\/p>\n<p>El culotte corto destaca por su versatilidad y su compresi\u00f3n intermedia.<\/p>\n<p>El patronaje lo convierte en una prenda ergon\u00f3mica que combina en su confecci\u00f3n la doble costura plana y tejidos de poliamida gofrados de compresi\u00f3n media.<\/p>\n<p>Los tirantes planos construidos en cinta el\u00e1stica microperforada aportan una sujeci\u00f3n \u00f3ptima y suficiente anchura para distribuir el peso c\u00f3modamente.<\/p>\n<p>Las perneras se rematan con una cinta el\u00e1stica de 60mm con un siliconado interior de micropuntos, que le aporta un extra de adherencia y confort.<\/p>","protected":false},"featured_media":28828,"template":"","meta":[],"product_brand":[],"product_cat":[134,136],"product_tag":[],"class_list":{"0":"post-25562","1":"product","2":"type-product","3":"status-publish","4":"has-post-thumbnail","6":"product_cat-mallorca312","7":"product_cat-culottes-malllorca312","9":"first","10":"outofstock","11":"taxable","12":"shipping-taxable","13":"product-type-variable","14":"add-to-wishlist-before_image"},"yoast_head":"<!-- This site is optimized with the Yoast SEO plugin v26.4 - https:\/\/yoast.com\/wordpress\/plugins\/seo\/ -->\n<title>Culotte Mallorca 312 V15 - Mujer - Mallorca312 Shop<\/title>\n<meta name=\"description\" content=\"Culotte Mallorca 312 2023. Culotte corto ciclismo modelo Mat dise\u00f1ado por Gobik.\" \/>\n<meta name=\"robots\" content=\"index, follow, max-snippet:-1, max-image-preview:large, max-video-preview:-1\" \/>\n<link rel=\"canonical\" href=\"https:\/\/shop.mallorca312.com\/en\/culottes-malllorca312\/culotte-mallorca-312-v15-mujer\/\" \/>\n<meta property=\"og:locale\" content=\"en_US\" \/>\n<meta property=\"og:type\" content=\"article\" \/>\n<meta property=\"og:title\" content=\"Culotte Mallorca 312 V15 - Mujer - Mallorca312 Shop\" \/>\n<meta property=\"og:description\" content=\"Culotte Mallorca 312 2023. Culotte corto ciclismo modelo Mat dise\u00f1ado por Gobik.\" \/>\n<meta property=\"og:url\" content=\"https:\/\/shop.mallorca312.com\/en\/culottes-malllorca312\/culotte-mallorca-312-v15-mujer\/\" \/>\n<meta property=\"og:site_name\" content=\"Mallorca312 Shop\" \/>\n<meta property=\"article:modified_time\" content=\"2026-04-23T11:08:45+00:00\" \/>\n<meta property=\"og:image\" content=\"https:\/\/shop.mallorca312.com\/wp-content\/uploads\/2025\/05\/Warm25-10994-FichaWeb-Retocada-scaled-e1748422735269.jpg\" \/>\n\t<meta property=\"og:image:width\" content=\"1369\" \/>\n\t<meta property=\"og:image:height\" content=\"1856\" \/>\n\t<meta property=\"og:image:type\" content=\"image\/jpeg\" \/>\n<meta name=\"twitter:label1\" content=\"Est. reading time\" \/>\n\t<meta name=\"twitter:data1\" content=\"1 minute\" \/>\n<script type=\"application\/ld+json\" class=\"yoast-schema-graph\">{\"@context\":\"https:\/\/schema.org\",\"@graph\":[{\"@type\":\"WebPage\",\"@id\":\"https:\/\/shop.mallorca312.com\/culottes-malllorca312\/culotte-mallorca-312-v15-mujer\/\",\"url\":\"https:\/\/shop.mallorca312.com\/culottes-malllorca312\/culotte-mallorca-312-v15-mujer\/\",\"name\":\"Culotte Mallorca 312 V15 - Mujer - Mallorca312 Shop\",\"isPartOf\":{\"@id\":\"https:\/\/shop.mallorca312.com\/#website\"},\"primaryImageOfPage\":{\"@id\":\"https:\/\/shop.mallorca312.com\/culottes-malllorca312\/culotte-mallorca-312-v15-mujer\/#primaryimage\"},\"image\":{\"@id\":\"https:\/\/shop.mallorca312.com\/culottes-malllorca312\/culotte-mallorca-312-v15-mujer\/#primaryimage\"},\"thumbnailUrl\":\"https:\/\/shop.mallorca312.com\/wp-content\/uploads\/2025\/05\/Warm25-10994-FichaWeb-Retocada-scaled-e1748422735269.jpg\",\"datePublished\":\"2025-03-18T13:45:02+00:00\",\"dateModified\":\"2026-04-23T11:08:45+00:00\",\"description\":\"Culotte Mallorca 312 2023. Culotte corto ciclismo modelo Mat dise\u00f1ado por Gobik.\",\"breadcrumb\":{\"@id\":\"https:\/\/shop.mallorca312.com\/culottes-malllorca312\/culotte-mallorca-312-v15-mujer\/#breadcrumb\"},\"inLanguage\":\"en-US\",\"potentialAction\":[{\"@type\":\"ReadAction\",\"target\":[\"https:\/\/shop.mallorca312.com\/culottes-malllorca312\/culotte-mallorca-312-v15-mujer\/\"]}]},{\"@type\":\"ImageObject\",\"inLanguage\":\"en-US\",\"@id\":\"https:\/\/shop.mallorca312.com\/culottes-malllorca312\/culotte-mallorca-312-v15-mujer\/#primaryimage\",\"url\":\"https:\/\/shop.mallorca312.com\/wp-content\/uploads\/2025\/05\/Warm25-10994-FichaWeb-Retocada-scaled-e1748422735269.jpg\",\"contentUrl\":\"https:\/\/shop.mallorca312.com\/wp-content\/uploads\/2025\/05\/Warm25-10994-FichaWeb-Retocada-scaled-e1748422735269.jpg\",\"width\":1369,\"height\":1856},{\"@type\":\"BreadcrumbList\",\"@id\":\"https:\/\/shop.mallorca312.com\/culottes-malllorca312\/culotte-mallorca-312-v15-mujer\/#breadcrumb\",\"itemListElement\":[{\"@type\":\"ListItem\",\"position\":1,\"name\":\"Portada\",\"item\":\"https:\/\/shop.mallorca312.com\/\"},{\"@type\":\"ListItem\",\"position\":2,\"name\":\"Tienda\",\"item\":\"https:\/\/shop.mallorca312.com\/tienda\/\"},{\"@type\":\"ListItem\",\"position\":3,\"name\":\"Culotte Mallorca 312 V15 &#8211; Mujer\"}]},{\"@type\":\"WebSite\",\"@id\":\"https:\/\/shop.mallorca312.com\/#website\",\"url\":\"https:\/\/shop.mallorca312.com\/\",\"name\":\"Mallorca312 Shop\",\"description\":\"Mallorca312 Shop\",\"potentialAction\":[{\"@type\":\"SearchAction\",\"target\":{\"@type\":\"EntryPoint\",\"urlTemplate\":\"https:\/\/shop.mallorca312.com\/?s={search_term_string}\"},\"query-input\":{\"@type\":\"PropertyValueSpecification\",\"valueRequired\":true,\"valueName\":\"search_term_string\"}}],\"inLanguage\":\"en-US\"}]}<\/script>\n<!-- \/ Yoast SEO plugin. -->","yoast_head_json":{"title":"Culotte Mallorca 312 V15 - Mujer - Mallorca312 Shop","description":"Culotte Mallorca 312 2023. Culotte corto ciclismo modelo Mat dise\u00f1ado por Gobik.","robots":{"index":"index","follow":"follow","max-snippet":"max-snippet:-1","max-image-preview":"max-image-preview:large","max-video-preview":"max-video-preview:-1"},"canonical":"https:\/\/shop.mallorca312.com\/en\/culottes-malllorca312\/culotte-mallorca-312-v15-mujer\/","og_locale":"en_US","og_type":"article","og_title":"Culotte Mallorca 312 V15 - Mujer - Mallorca312 Shop","og_description":"Culotte Mallorca 312 2023. Culotte corto ciclismo modelo Mat dise\u00f1ado por Gobik.","og_url":"https:\/\/shop.mallorca312.com\/en\/culottes-malllorca312\/culotte-mallorca-312-v15-mujer\/","og_site_name":"Mallorca312 Shop","article_modified_time":"2026-04-23T11:08:45+00:00","og_image":[{"width":1369,"height":1856,"url":"https:\/\/shop.mallorca312.com\/wp-content\/uploads\/2025\/05\/Warm25-10994-FichaWeb-Retocada-scaled-e1748422735269.jpg","type":"image\/jpeg"}],"twitter_misc":{"Est. reading time":"1 minute"},"schema":{"@context":"https:\/\/schema.org","@graph":[{"@type":"WebPage","@id":"https:\/\/shop.mallorca312.com\/culottes-malllorca312\/culotte-mallorca-312-v15-mujer\/","url":"https:\/\/shop.mallorca312.com\/culottes-malllorca312\/culotte-mallorca-312-v15-mujer\/","name":"Culotte Mallorca 312 V15 - Mujer - Mallorca312 Shop","isPartOf":{"@id":"https:\/\/shop.mallorca312.com\/#website"},"primaryImageOfPage":{"@id":"https:\/\/shop.mallorca312.com\/culottes-malllorca312\/culotte-mallorca-312-v15-mujer\/#primaryimage"},"image":{"@id":"https:\/\/shop.mallorca312.com\/culottes-malllorca312\/culotte-mallorca-312-v15-mujer\/#primaryimage"},"thumbnailUrl":"https:\/\/shop.mallorca312.com\/wp-content\/uploads\/2025\/05\/Warm25-10994-FichaWeb-Retocada-scaled-e1748422735269.jpg","datePublished":"2025-03-18T13:45:02+00:00","dateModified":"2026-04-23T11:08:45+00:00","description":"Culotte Mallorca 312 2023. Culotte corto ciclismo modelo Mat dise\u00f1ado por Gobik.","breadcrumb":{"@id":"https:\/\/shop.mallorca312.com\/culottes-malllorca312\/culotte-mallorca-312-v15-mujer\/#breadcrumb"},"inLanguage":"en-US","potentialAction":[{"@type":"ReadAction","target":["https:\/\/shop.mallorca312.com\/culottes-malllorca312\/culotte-mallorca-312-v15-mujer\/"]}]},{"@type":"ImageObject","inLanguage":"en-US","@id":"https:\/\/shop.mallorca312.com\/culottes-malllorca312\/culotte-mallorca-312-v15-mujer\/#primaryimage","url":"https:\/\/shop.mallorca312.com\/wp-content\/uploads\/2025\/05\/Warm25-10994-FichaWeb-Retocada-scaled-e1748422735269.jpg","contentUrl":"https:\/\/shop.mallorca312.com\/wp-content\/uploads\/2025\/05\/Warm25-10994-FichaWeb-Retocada-scaled-e1748422735269.jpg","width":1369,"height":1856},{"@type":"BreadcrumbList","@id":"https:\/\/shop.mallorca312.com\/culottes-malllorca312\/culotte-mallorca-312-v15-mujer\/#breadcrumb","itemListElement":[{"@type":"ListItem","position":1,"name":"Portada","item":"https:\/\/shop.mallorca312.com\/"},{"@type":"ListItem","position":2,"name":"Tienda","item":"https:\/\/shop.mallorca312.com\/tienda\/"},{"@type":"ListItem","position":3,"name":"Culotte Mallorca 312 V15 &#8211; Mujer"}]},{"@type":"WebSite","@id":"https:\/\/shop.mallorca312.com\/#website","url":"https:\/\/shop.mallorca312.com\/","name":"Mallorca312 Shop","description":"Mallorca312 Shop","potentialAction":[{"@type":"SearchAction","target":{"@type":"EntryPoint","urlTemplate":"https:\/\/shop.mallorca312.com\/?s={search_term_string}"},"query-input":{"@type":"PropertyValueSpecification","valueRequired":true,"valueName":"search_term_string"}}],"inLanguage":"en-US"}]}},"_links":{"self":[{"href":"https:\/\/shop.mallorca312.com\/en\/wp-json\/wp\/v2\/product\/25562","targetHints":{"allow":["GET"]}}],"collection":[{"href":"https:\/\/shop.mallorca312.com\/en\/wp-json\/wp\/v2\/product"}],"about":[{"href":"https:\/\/shop.mallorca312.com\/en\/wp-json\/wp\/v2\/types\/product"}],"wp:featuredmedia":[{"embeddable":true,"href":"https:\/\/shop.mallorca312.com\/en\/wp-json\/wp\/v2\/media\/28828"}],"wp:attachment":[{"href":"https:\/\/shop.mallorca312.com\/en\/wp-json\/wp\/v2\/media?parent=25562"}],"wp:term":[{"taxonomy":"product_brand","embeddable":true,"href":"https:\/\/shop.mallorca312.com\/en\/wp-json\/wp\/v2\/product_brand?post=25562"},{"taxonomy":"product_cat","embeddable":true,"href":"https:\/\/shop.mallorca312.com\/en\/wp-json\/wp\/v2\/product_cat?post=25562"},{"taxonomy":"product_tag","embeddable":true,"href":"https:\/\/shop.mallorca312.com\/en\/wp-json\/wp\/v2\/product_tag?post=25562"}],"curies":[{"name":"wp","href":"https:\/\/api.w.org\/{rel}","templated":true}]}}

<p>Culotte Mallorca 312 para  mujer, modelo Matt</p>
<p>El culotte corto destaca por su versatilidad y su compresión intermedia.</p>
<p>El patronaje lo convierte en una prenda ergonómica que combina en su confección la doble costura plana y tejidos de poliamida gofrados de compresión media.</p>
<p>Los tirantes planos construidos en cinta elástica microperforada aportan una sujeción óptima y suficiente anchura para distribuir el peso cómodamente.</p>
<p>Las perneras se rematan con una cinta elástica de 60mm con un siliconado interior de micropuntos, que le aporta un extra de adherencia y confort.</p>

<!-- This site is optimized with the Yoast SEO plugin v26.4 - https://yoast.com/wordpress/plugins/seo/ -->
<title>Culotte Mallorca 312 V15 - Mujer - Mallorca312 Shop</title>
<meta name="description" content="Culotte Mallorca 312 2023. Culotte corto ciclismo modelo Mat diseñado por Gobik." />
<meta name="robots" content="index, follow, max-snippet:-1, max-image-preview:large, max-video-preview:-1" />
<link rel="canonical" href="https://shop.mallorca312.com/en/culottes-malllorca312/culotte-mallorca-312-v15-mujer/" />
<meta property="og:locale" content="en_US" />
<meta property="og:type" content="article" />
<meta property="og:title" content="Culotte Mallorca 312 V15 - Mujer - Mallorca312 Shop" />
<meta property="og:description" content="Culotte Mallorca 312 2023. Culotte corto ciclismo modelo Mat diseñado por Gobik." />
<meta property="og:url" content="https://shop.mallorca312.com/en/culottes-malllorca312/culotte-mallorca-312-v15-mujer/" />
<meta property="og:site_name" content="Mallorca312 Shop" />
<meta property="article:modified_time" content="2026-04-23T11:08:45+00:00" />
<meta property="og:image" content="https://shop.mallorca312.com/wp-content/uploads/2025/05/Warm25-10994-FichaWeb-Retocada-scaled-e1748422735269.jpg" />
	<meta property="og:image:width" content="1369" />
	<meta property="og:image:height" content="1856" />
	<meta property="og:image:type" content="image/jpeg" />
<meta name="twitter:label1" content="Est. reading time" />
	<meta name="twitter:data1" content="1 minute" />
<script type="application/ld+json" class="yoast-schema-graph">{"@context":"https://schema.org","@graph":[{"@type":"WebPage","@id":"https://shop.mallorca312.com/culottes-malllorca312/culotte-mallorca-312-v15-mujer/","url":"https://shop.mallorca312.com/culottes-malllorca312/culotte-mallorca-312-v15-mujer/","name":"Culotte Mallorca 312 V15 - Mujer - Mallorca312 Shop","isPartOf":{"@id":"https://shop.mallorca312.com/#website"},"primaryImageOfPage":{"@id":"https://shop.mallorca312.com/culottes-malllorca312/culotte-mallorca-312-v15-mujer/#primaryimage"},"image":{"@id":"https://shop.mallorca312.com/culottes-malllorca312/culotte-mallorca-312-v15-mujer/#primaryimage"},"thumbnailUrl":"https://shop.mallorca312.com/wp-content/uploads/2025/05/Warm25-10994-FichaWeb-Retocada-scaled-e1748422735269.jpg","datePublished":"2025-03-18T13:45:02+00:00","dateModified":"2026-04-23T11:08:45+00:00","description":"Culotte Mallorca 312 2023. Culotte corto ciclismo modelo Mat diseñado por Gobik.","breadcrumb":{"@id":"https://shop.mallorca312.com/culottes-malllorca312/culotte-mallorca-312-v15-mujer/#breadcrumb"},"inLanguage":"en-US","potentialAction":[{"@type":"ReadAction","target":["https://shop.mallorca312.com/culottes-malllorca312/culotte-mallorca-312-v15-mujer/"]}]},{"@type":"ImageObject","inLanguage":"en-US","@id":"https://shop.mallorca312.com/culottes-malllorca312/culotte-mallorca-312-v15-mujer/#primaryimage","url":"https://shop.mallorca312.com/wp-content/uploads/2025/05/Warm25-10994-FichaWeb-Retocada-scaled-e1748422735269.jpg","contentUrl":"https://shop.mallorca312.com/wp-content/uploads/2025/05/Warm25-10994-FichaWeb-Retocada-scaled-e1748422735269.jpg","width":1369,"height":1856},{"@type":"BreadcrumbList","@id":"https://shop.mallorca312.com/culottes-malllorca312/culotte-mallorca-312-v15-mujer/#breadcrumb","itemListElement":[{"@type":"ListItem","position":1,"name":"Portada","item":"https://shop.mallorca312.com/"},{"@type":"ListItem","position":2,"name":"Tienda","item":"https://shop.mallorca312.com/tienda/"},{"@type":"ListItem","position":3,"name":"Culotte Mallorca 312 V15 &#8211; Mujer"}]},{"@type":"WebSite","@id":"https://shop.mallorca312.com/#website","url":"https://shop.mallorca312.com/","name":"Mallorca312 Shop","description":"Mallorca312 Shop","potentialAction":[{"@type":"SearchAction","target":{"@type":"EntryPoint","urlTemplate":"https://shop.mallorca312.com/?s={search_term_string}"},"query-input":{"@type":"PropertyValueSpecification","valueRequired":true,"valueName":"search_term_string"}}],"inLanguage":"en-US"}]}</script>
<!-- / Yoast SEO plugin. -->

Culotte Mallorca 312 2023. Culotte corto ciclismo modelo Mat diseñado por Gobik.
