{"id":21242,"date":"2024-03-21T08:01:12","date_gmt":"2024-03-21T08:01:12","guid":{"rendered":"https:\/\/shop.mallorca312.com\/?post_type=product&#038;p=21242"},"modified":"2025-04-24T11:20:43","modified_gmt":"2025-04-24T11:20:43","slug":"chaqueta-skimo-mallorca-312-v14","status":"publish","type":"product","link":"https:\/\/shop.mallorca312.com\/en\/chaquetas-malllorca312\/chaqueta-skimo-mallorca-312-v14\/","title":{"rendered":"Chaqueta Skimo Mallorca 312 V14"},"content":{"rendered":"","protected":false},"excerpt":{"rendered":"<p>Chaqueta Skimo de Gobik para Mallorca 312 2024. La transpirabilidad y la protecci\u00f3n son esenciales cuando entrenas al l\u00edmite. Esta chaqueta de ciclismo profesional de competici\u00f3n, excepcionalmente t\u00e9cnica, ha sido desarrollada para un entrenamiento intenso en condiciones de clima fr\u00edo. Tejido shoftshell muy el\u00e1stico y ligero en las mangas, combinado con un tejido de invierno en la zona frontal. Todo esto te permitir\u00e1 permanecer caliente y seco durante tu entretenimiento, pues sus tejidos incorporan un tratamiento repelente al agua. Unisex.<\/p>\n<p>Ropa ciclista profesional<\/p>","protected":false},"featured_media":21141,"template":"","meta":[],"product_brand":[],"product_cat":[134,140],"product_tag":[],"class_list":{"0":"post-21242","1":"product","2":"type-product","3":"status-publish","4":"has-post-thumbnail","6":"product_cat-mallorca312","7":"product_cat-chaquetas-malllorca312","9":"first","10":"outofstock","11":"taxable","12":"shipping-taxable","13":"product-type-variable","14":"has-default-attributes","15":"add-to-wishlist-before_image"},"yoast_head":"<!-- This site is optimized with the Yoast SEO plugin v26.4 - https:\/\/yoast.com\/wordpress\/plugins\/seo\/ -->\n<title>Chaqueta Skimo Mallorca 312 V14 - Mallorca312 Shop<\/title>\n<meta name=\"description\" content=\"Chaqueta Skimo dise\u00f1ada por Gobik para Mallorca 312 2024.\" \/>\n<meta name=\"robots\" content=\"index, follow, max-snippet:-1, max-image-preview:large, max-video-preview:-1\" \/>\n<link rel=\"canonical\" href=\"https:\/\/shop.mallorca312.com\/en\/chaquetas-malllorca312\/chaqueta-skimo-mallorca-312-v14\/\" \/>\n<meta property=\"og:locale\" content=\"en_US\" \/>\n<meta property=\"og:type\" content=\"article\" \/>\n<meta property=\"og:title\" content=\"Chaqueta Skimo Mallorca 312 V14 - Mallorca312 Shop\" \/>\n<meta property=\"og:description\" content=\"Chaqueta Skimo dise\u00f1ada por Gobik para Mallorca 312 2024.\" \/>\n<meta property=\"og:url\" content=\"https:\/\/shop.mallorca312.com\/en\/chaquetas-malllorca312\/chaqueta-skimo-mallorca-312-v14\/\" \/>\n<meta property=\"og:site_name\" content=\"Mallorca312 Shop\" \/>\n<meta property=\"article:modified_time\" content=\"2025-04-24T11:20:43+00:00\" \/>\n<meta property=\"og:image\" content=\"https:\/\/shop.mallorca312.com\/wp-content\/uploads\/2024\/02\/Skimo.png\" \/>\n\t<meta property=\"og:image:width\" content=\"930\" \/>\n\t<meta property=\"og:image:height\" content=\"520\" \/>\n\t<meta property=\"og:image:type\" content=\"image\/png\" \/>\n<script type=\"application\/ld+json\" class=\"yoast-schema-graph\">{\"@context\":\"https:\/\/schema.org\",\"@graph\":[{\"@type\":\"WebPage\",\"@id\":\"https:\/\/shop.mallorca312.com\/chaquetas-malllorca312\/chaqueta-skimo-mallorca-312-v14\/\",\"url\":\"https:\/\/shop.mallorca312.com\/chaquetas-malllorca312\/chaqueta-skimo-mallorca-312-v14\/\",\"name\":\"Chaqueta Skimo Mallorca 312 V14 - Mallorca312 Shop\",\"isPartOf\":{\"@id\":\"https:\/\/shop.mallorca312.com\/#website\"},\"primaryImageOfPage\":{\"@id\":\"https:\/\/shop.mallorca312.com\/chaquetas-malllorca312\/chaqueta-skimo-mallorca-312-v14\/#primaryimage\"},\"image\":{\"@id\":\"https:\/\/shop.mallorca312.com\/chaquetas-malllorca312\/chaqueta-skimo-mallorca-312-v14\/#primaryimage\"},\"thumbnailUrl\":\"https:\/\/shop.mallorca312.com\/wp-content\/uploads\/2024\/02\/Skimo.png\",\"datePublished\":\"2024-03-21T08:01:12+00:00\",\"dateModified\":\"2025-04-24T11:20:43+00:00\",\"description\":\"Chaqueta Skimo dise\u00f1ada por Gobik para Mallorca 312 2024.\",\"breadcrumb\":{\"@id\":\"https:\/\/shop.mallorca312.com\/chaquetas-malllorca312\/chaqueta-skimo-mallorca-312-v14\/#breadcrumb\"},\"inLanguage\":\"en-US\",\"potentialAction\":[{\"@type\":\"ReadAction\",\"target\":[\"https:\/\/shop.mallorca312.com\/chaquetas-malllorca312\/chaqueta-skimo-mallorca-312-v14\/\"]}]},{\"@type\":\"ImageObject\",\"inLanguage\":\"en-US\",\"@id\":\"https:\/\/shop.mallorca312.com\/chaquetas-malllorca312\/chaqueta-skimo-mallorca-312-v14\/#primaryimage\",\"url\":\"https:\/\/shop.mallorca312.com\/wp-content\/uploads\/2024\/02\/Skimo.png\",\"contentUrl\":\"https:\/\/shop.mallorca312.com\/wp-content\/uploads\/2024\/02\/Skimo.png\",\"width\":930,\"height\":520},{\"@type\":\"BreadcrumbList\",\"@id\":\"https:\/\/shop.mallorca312.com\/chaquetas-malllorca312\/chaqueta-skimo-mallorca-312-v14\/#breadcrumb\",\"itemListElement\":[{\"@type\":\"ListItem\",\"position\":1,\"name\":\"Portada\",\"item\":\"https:\/\/shop.mallorca312.com\/\"},{\"@type\":\"ListItem\",\"position\":2,\"name\":\"Tienda\",\"item\":\"https:\/\/shop.mallorca312.com\/tienda\/\"},{\"@type\":\"ListItem\",\"position\":3,\"name\":\"Chaqueta Skimo Mallorca 312 V14\"}]},{\"@type\":\"WebSite\",\"@id\":\"https:\/\/shop.mallorca312.com\/#website\",\"url\":\"https:\/\/shop.mallorca312.com\/\",\"name\":\"Mallorca312 Shop\",\"description\":\"Mallorca312 Shop\",\"potentialAction\":[{\"@type\":\"SearchAction\",\"target\":{\"@type\":\"EntryPoint\",\"urlTemplate\":\"https:\/\/shop.mallorca312.com\/?s={search_term_string}\"},\"query-input\":{\"@type\":\"PropertyValueSpecification\",\"valueRequired\":true,\"valueName\":\"search_term_string\"}}],\"inLanguage\":\"en-US\"}]}<\/script>\n<!-- \/ Yoast SEO plugin. -->","yoast_head_json":{"title":"Chaqueta Skimo Mallorca 312 V14 - Mallorca312 Shop","description":"Chaqueta Skimo dise\u00f1ada por Gobik para Mallorca 312 2024.","robots":{"index":"index","follow":"follow","max-snippet":"max-snippet:-1","max-image-preview":"max-image-preview:large","max-video-preview":"max-video-preview:-1"},"canonical":"https:\/\/shop.mallorca312.com\/en\/chaquetas-malllorca312\/chaqueta-skimo-mallorca-312-v14\/","og_locale":"en_US","og_type":"article","og_title":"Chaqueta Skimo Mallorca 312 V14 - Mallorca312 Shop","og_description":"Chaqueta Skimo dise\u00f1ada por Gobik para Mallorca 312 2024.","og_url":"https:\/\/shop.mallorca312.com\/en\/chaquetas-malllorca312\/chaqueta-skimo-mallorca-312-v14\/","og_site_name":"Mallorca312 Shop","article_modified_time":"2025-04-24T11:20:43+00:00","og_image":[{"width":930,"height":520,"url":"https:\/\/shop.mallorca312.com\/wp-content\/uploads\/2024\/02\/Skimo.png","type":"image\/png"}],"schema":{"@context":"https:\/\/schema.org","@graph":[{"@type":"WebPage","@id":"https:\/\/shop.mallorca312.com\/chaquetas-malllorca312\/chaqueta-skimo-mallorca-312-v14\/","url":"https:\/\/shop.mallorca312.com\/chaquetas-malllorca312\/chaqueta-skimo-mallorca-312-v14\/","name":"Chaqueta Skimo Mallorca 312 V14 - Mallorca312 Shop","isPartOf":{"@id":"https:\/\/shop.mallorca312.com\/#website"},"primaryImageOfPage":{"@id":"https:\/\/shop.mallorca312.com\/chaquetas-malllorca312\/chaqueta-skimo-mallorca-312-v14\/#primaryimage"},"image":{"@id":"https:\/\/shop.mallorca312.com\/chaquetas-malllorca312\/chaqueta-skimo-mallorca-312-v14\/#primaryimage"},"thumbnailUrl":"https:\/\/shop.mallorca312.com\/wp-content\/uploads\/2024\/02\/Skimo.png","datePublished":"2024-03-21T08:01:12+00:00","dateModified":"2025-04-24T11:20:43+00:00","description":"Chaqueta Skimo dise\u00f1ada por Gobik para Mallorca 312 2024.","breadcrumb":{"@id":"https:\/\/shop.mallorca312.com\/chaquetas-malllorca312\/chaqueta-skimo-mallorca-312-v14\/#breadcrumb"},"inLanguage":"en-US","potentialAction":[{"@type":"ReadAction","target":["https:\/\/shop.mallorca312.com\/chaquetas-malllorca312\/chaqueta-skimo-mallorca-312-v14\/"]}]},{"@type":"ImageObject","inLanguage":"en-US","@id":"https:\/\/shop.mallorca312.com\/chaquetas-malllorca312\/chaqueta-skimo-mallorca-312-v14\/#primaryimage","url":"https:\/\/shop.mallorca312.com\/wp-content\/uploads\/2024\/02\/Skimo.png","contentUrl":"https:\/\/shop.mallorca312.com\/wp-content\/uploads\/2024\/02\/Skimo.png","width":930,"height":520},{"@type":"BreadcrumbList","@id":"https:\/\/shop.mallorca312.com\/chaquetas-malllorca312\/chaqueta-skimo-mallorca-312-v14\/#breadcrumb","itemListElement":[{"@type":"ListItem","position":1,"name":"Portada","item":"https:\/\/shop.mallorca312.com\/"},{"@type":"ListItem","position":2,"name":"Tienda","item":"https:\/\/shop.mallorca312.com\/tienda\/"},{"@type":"ListItem","position":3,"name":"Chaqueta Skimo Mallorca 312 V14"}]},{"@type":"WebSite","@id":"https:\/\/shop.mallorca312.com\/#website","url":"https:\/\/shop.mallorca312.com\/","name":"Mallorca312 Shop","description":"Mallorca312 Shop","potentialAction":[{"@type":"SearchAction","target":{"@type":"EntryPoint","urlTemplate":"https:\/\/shop.mallorca312.com\/?s={search_term_string}"},"query-input":{"@type":"PropertyValueSpecification","valueRequired":true,"valueName":"search_term_string"}}],"inLanguage":"en-US"}]}},"_links":{"self":[{"href":"https:\/\/shop.mallorca312.com\/en\/wp-json\/wp\/v2\/product\/21242","targetHints":{"allow":["GET"]}}],"collection":[{"href":"https:\/\/shop.mallorca312.com\/en\/wp-json\/wp\/v2\/product"}],"about":[{"href":"https:\/\/shop.mallorca312.com\/en\/wp-json\/wp\/v2\/types\/product"}],"wp:featuredmedia":[{"embeddable":true,"href":"https:\/\/shop.mallorca312.com\/en\/wp-json\/wp\/v2\/media\/21141"}],"wp:attachment":[{"href":"https:\/\/shop.mallorca312.com\/en\/wp-json\/wp\/v2\/media?parent=21242"}],"wp:term":[{"taxonomy":"product_brand","embeddable":true,"href":"https:\/\/shop.mallorca312.com\/en\/wp-json\/wp\/v2\/product_brand?post=21242"},{"taxonomy":"product_cat","embeddable":true,"href":"https:\/\/shop.mallorca312.com\/en\/wp-json\/wp\/v2\/product_cat?post=21242"},{"taxonomy":"product_tag","embeddable":true,"href":"https:\/\/shop.mallorca312.com\/en\/wp-json\/wp\/v2\/product_tag?post=21242"}],"curies":[{"name":"wp","href":"https:\/\/api.w.org\/{rel}","templated":true}]}}

<p>Chaqueta Skimo de Gobik para Mallorca 312 2024. La transpirabilidad y la protección son esenciales cuando entrenas al límite. Esta chaqueta de ciclismo profesional de competición, excepcionalmente técnica, ha sido desarrollada para un entrenamiento intenso en condiciones de clima frío. Tejido shoftshell muy elástico y ligero en las mangas, combinado con un tejido de invierno en la zona frontal. Todo esto te permitirá permanecer caliente y seco durante tu entretenimiento, pues sus tejidos incorporan un tratamiento repelente al agua. Unisex.</p>
<p>Ropa ciclista profesional</p>

<!-- This site is optimized with the Yoast SEO plugin v26.4 - https://yoast.com/wordpress/plugins/seo/ -->
<title>Chaqueta Skimo Mallorca 312 V14 - Mallorca312 Shop</title>
<meta name="description" content="Chaqueta Skimo diseñada por Gobik para Mallorca 312 2024." />
<meta name="robots" content="index, follow, max-snippet:-1, max-image-preview:large, max-video-preview:-1" />
<link rel="canonical" href="https://shop.mallorca312.com/en/chaquetas-malllorca312/chaqueta-skimo-mallorca-312-v14/" />
<meta property="og:locale" content="en_US" />
<meta property="og:type" content="article" />
<meta property="og:title" content="Chaqueta Skimo Mallorca 312 V14 - Mallorca312 Shop" />
<meta property="og:description" content="Chaqueta Skimo diseñada por Gobik para Mallorca 312 2024." />
<meta property="og:url" content="https://shop.mallorca312.com/en/chaquetas-malllorca312/chaqueta-skimo-mallorca-312-v14/" />
<meta property="og:site_name" content="Mallorca312 Shop" />
<meta property="article:modified_time" content="2025-04-24T11:20:43+00:00" />
<meta property="og:image" content="https://shop.mallorca312.com/wp-content/uploads/2024/02/Skimo.png" />
	<meta property="og:image:width" content="930" />
	<meta property="og:image:height" content="520" />
	<meta property="og:image:type" content="image/png" />
<script type="application/ld+json" class="yoast-schema-graph">{"@context":"https://schema.org","@graph":[{"@type":"WebPage","@id":"https://shop.mallorca312.com/chaquetas-malllorca312/chaqueta-skimo-mallorca-312-v14/","url":"https://shop.mallorca312.com/chaquetas-malllorca312/chaqueta-skimo-mallorca-312-v14/","name":"Chaqueta Skimo Mallorca 312 V14 - Mallorca312 Shop","isPartOf":{"@id":"https://shop.mallorca312.com/#website"},"primaryImageOfPage":{"@id":"https://shop.mallorca312.com/chaquetas-malllorca312/chaqueta-skimo-mallorca-312-v14/#primaryimage"},"image":{"@id":"https://shop.mallorca312.com/chaquetas-malllorca312/chaqueta-skimo-mallorca-312-v14/#primaryimage"},"thumbnailUrl":"https://shop.mallorca312.com/wp-content/uploads/2024/02/Skimo.png","datePublished":"2024-03-21T08:01:12+00:00","dateModified":"2025-04-24T11:20:43+00:00","description":"Chaqueta Skimo diseñada por Gobik para Mallorca 312 2024.","breadcrumb":{"@id":"https://shop.mallorca312.com/chaquetas-malllorca312/chaqueta-skimo-mallorca-312-v14/#breadcrumb"},"inLanguage":"en-US","potentialAction":[{"@type":"ReadAction","target":["https://shop.mallorca312.com/chaquetas-malllorca312/chaqueta-skimo-mallorca-312-v14/"]}]},{"@type":"ImageObject","inLanguage":"en-US","@id":"https://shop.mallorca312.com/chaquetas-malllorca312/chaqueta-skimo-mallorca-312-v14/#primaryimage","url":"https://shop.mallorca312.com/wp-content/uploads/2024/02/Skimo.png","contentUrl":"https://shop.mallorca312.com/wp-content/uploads/2024/02/Skimo.png","width":930,"height":520},{"@type":"BreadcrumbList","@id":"https://shop.mallorca312.com/chaquetas-malllorca312/chaqueta-skimo-mallorca-312-v14/#breadcrumb","itemListElement":[{"@type":"ListItem","position":1,"name":"Portada","item":"https://shop.mallorca312.com/"},{"@type":"ListItem","position":2,"name":"Tienda","item":"https://shop.mallorca312.com/tienda/"},{"@type":"ListItem","position":3,"name":"Chaqueta Skimo Mallorca 312 V14"}]},{"@type":"WebSite","@id":"https://shop.mallorca312.com/#website","url":"https://shop.mallorca312.com/","name":"Mallorca312 Shop","description":"Mallorca312 Shop","potentialAction":[{"@type":"SearchAction","target":{"@type":"EntryPoint","urlTemplate":"https://shop.mallorca312.com/?s={search_term_string}"},"query-input":{"@type":"PropertyValueSpecification","valueRequired":true,"valueName":"search_term_string"}}],"inLanguage":"en-US"}]}</script>
<!-- / Yoast SEO plugin. -->

Chaqueta Skimo diseñada por Gobik para Mallorca 312 2024.
